 s. What is the remainder when s is divided by g(6)?
4
Let b(c) = -2*c + 3 - 2*c + 5*c. Suppose -z = 2*d - 20, -3*z - d + 35 = -0*z. Calculate the remainder when z is divided by b(3).
4
Let o = -5 - -45. Suppose -5*p + 4*k = -0*k - o, 24 = 3*p - 2*k. Let c = 40 - p. Calculate the remainder when c is divided by 11.
10
Let o(p) = p**3 - p**2 + 2*p - 1. Suppose -i - 2*i + 6 = 0. Calculate the remainder when o(i) is divided by 3.
1
Let d(l) = -3*l + 2. What is the remainder when 30/25*5 - -26 is divided by d(-3)?
10
Suppose 5*a + 31 = 141. Let q be (2*16)/((-11)/(-22)). Suppose -t + q = 5*w, -5*t = 2*w + 3*w - 80. What is the remainder when a is divided by w?
10
Let t = 2 - 0. Suppose 11 = -u - q + 39, -q = -t. What is the remainder when u - 3/(-6)*0 is divided by 9?
8
Suppose 0 = -4*b + 94 - 30. Suppose -p - b = -64. Let t = -30 + p. What is the remainder when 34 is divided by t?
16
Suppose -4*w + 96 = 2*m, -w - w = 4*m - 162. Calculate the remainder when m is divided by 1/3 + 58/6.
8
Let d(h) = -19*h - 1. Let j be -6 - -5 - -1*3. Suppose -3*g = -m + 25, 4*m - 8 = -j*g + 22. What is the remainder when d(-1) is divided by m?
8
Let c = 35 - 10. Calculate the remainder when 98 is divided by c.
23
Let j(u) = u**3 + 2*u**2 - 4*u + 1. Let t be j(-3). Suppose t*n - 97 = 111. What is the remainder when n is divided by (-18)/4*(1 + -5)?
16
Let g(p) be the third derivative of -p**6/120 - 7*p**5/60 - p**4/24 - 4*p**3/3 + p**2. Let f be g(-7). What is the remainder when 31 is divided by 7*2 - 2/f?
15
Suppose 0 = 5*d + 5*t - 10*t - 335, 277 = 4*d + 5*t. What is the remainder when d is divided by 12?
8
Suppose 0 = 2*v + 8 - 16. Suppose 0 = -v*x + 3*q + 78, -3*x - x - q + 86 = 0. What is the remainder when x is divided by 11?
10
Suppose -5*n - 23 = -73. Suppose n = i - 3*i. Let a = i - -9. Calculate the remainder when a is divided by 3.
1
Let w be 2/6 - 2/6. Suppose -3*q + 70 + 5 = w. Let g = -2 - -11. Calculate the remainder when q is divided by g.
7
Let b = 25 + 2. Let i = 27 - 13. Calculate the remainder when b is divided by i.
13
Let m(w) be the third derivative of w**4/24 - w**2. What is the remainder when ((-27)/6)/(6/(-8)) is divided by m(4)?
2
Suppose -5*r - 340 = -4*p, 3*r - 6*r = 4*p - 308. What is the remainder when p is divided by 21?
17
Let w = -23 + -5. Let h = w + 46. What is the remainder when 34 is divided by h?
16
Suppose 0*g - 9 = -g + 3*f, 4*f + 4 = 4*g. Calculate the remainder when g/(0 + (-12)/152) is divided by 20.
18
Suppose -4*d = 2*z - 108 + 14, -2*d + 29 = -5*z. Let c = -330 - -108. Let k = -158 - c. What is the remainder when k is divided by d?
20
Calculate the remainder when 44 is divided by -1 + 56/4 + 2.
14
Let t be -2 - -1 - (0 - -2). Calculate the remainder when (t + 0)*(0 - 5) is divided by 4.
3
Suppose -2*i + 16 = m + 2*m, -3*m + 2*i = -32. What is the remainder when 38 is divided by m?
6
Suppose -6*q = -q - 240. Suppose -3*b - 16 = a - 0*b, 4*a + q = -4*b. Let w = 36 + a. What is the remainder when w is divided by 14?
12
Let w(i) = 2*i**2 + 3*i + 3. Let d be w(-5). Suppose 2*a + 14 = d. What is the remainder when (-67)/(-3) + 1/(-3) is divided by a?
10
Suppose -3*k + v + 5 = -0*v, 3*k + 3*v - 21 = 0. Let s(g) = 2*g - 2. Calculate the remainder when 6 is divided by s(k).
2
Let x be (12/8 - 2)*-4. Let s = 5 + 6. What is the remainder when (-86)/(-2)*2/x is divided by s?
10
Suppose 0 = -2*d - 3*d + 360. Let t = d + -41. Calculate the remainder when t is divided by 8.
7
Let p(v) = -v**2 - 13*v - 34. Calculate the remainder when 9 is divided by p(-9).
1
Suppose 3*q - 2*q = 7. What is the remainder when (-154)/(-8) + (-1)/4 is divided by q?
5
Let t(y) = y**3 - 5*y**2 + 7*y + 8. Calculate the remainder when t(6) is divided by 22.
20
Let f = -48 + 64. Calculate the remainder when f is divided by 6.
4
Let q(m) = 4*m**2 + 2*m - 5. What is the remainder when q(3) is divided by 8?
5
Let u be 6/(-9) - 299/(-3). What is the remainder when (0 + -2)*75/(-6) is divided by (u/55)/(2/10)?
7
Suppose -3*m = -7*m + 160. Suppose 3*c = 2*c - 5*a + m, 3*c + a = 162. Calculate the remainder when c is divided by -2*((-21)/2 + 1).
17
Suppose f = -4 + 6. Suppose 2*c - 8 = 5*m + 4, -2*c + 6 = -f*m. Calculate the remainder when c is divided by ((-2)/(-4))/((-1)/(-2)).
0
Let o = -11 - -55. Suppose 0*n - 2*n = 2*u - o, 2*n + 4*u = 42. Calculate the remainder when n is divided by 8.
7
Let p(h) = -h**2 + 8*h - 3. What is the remainder when p(4) is divided by 7?
6
Let p(q) = 3*q**3 - q**2 + 3*q - 1. Let k be (-165)/2*28/21. Let n = -36 - k. What is the remainder when n is divided by p(2)?
24
Suppose 0 = -4*h - 143 - 521. Let o be h/18 - (-16)/72. Let b = 16 + o. Calculate the remainder when 11 is divided by b.
4
Suppose -5*v - 10 = 0, 2*q + v - 18 - 4 = 0. What is the remainder when q is divided by 4?
0
Suppose -3 - 3 = -2*i. Suppose 0 = 2*y + 4*z - 32, -z - z = 3*y - 28. Let p = y + -5. What is the remainder when i is divided by p?
0
Suppose -5*o + 102 = -188. What is the remainder when o is divided by 31?
27
Suppose 0 = -3*p + 2 + 4. Calculate the remainder when 1/(p + 19/(-10)) is divided by 7/2*60/35.
4
Let f be ((-3)/(-2))/(9/12). Suppose -7*g = -f*g - 70. What is the remainder when g is divided by 8?
6
Let x(w) = 3*w + 3*w**2 + 35 - 2*w**2 - 4*w. Calculate the remainder when x(0) is divided by 19.
16
Suppose 0 = -b - 3*b + 16. What is the remainder when (-2)/(-3) + (-8)/(-6) is divided by (-5)/(-10)*1*b?
0
What is the remainder when 8/12*((-251)/(-2) + -1) is divided by 14?
13
Let o(i) = i**3 + 7*i**2 + 7*i + 8. Let v be o(-6). Let q(w) = 8*w**3 - 3*w**2 + 2*w + 1. Calculate the remainder when q(v) is divided by 20.
17
Suppose -5*n + 5*m + 60 = 0, -4*m + 2 = 2*n - 4. Suppose 5*b = n*b - 76. What is the remainder when b is divided by 11?
8
Let d(l) = -l**2 + 9*l + 19. What is the remainder when 133 is divided by d(8)?
25
Suppose 2*s + 2*d - 8 = 0, -5*d = -10*d + 10. Suppose s*v - 37 = a, -v + 2*a + 14 = -0*a. What is the remainder when v is divided by (8 - 1)/(1/1)?
6
Let c(l) = -l**3 + 10*l**2 + 2*l + 7. Calculate the remainder when 51 is divided by c(10).
24
Suppose -n = -3*n + 98. Suppose 2*x + 2*x - 16 = 0. Suppose -m + 85 = x*m. What is the remainder when n is divided by m?
15
Let s(j) = j**3 - 2*j**2 - 6*j - 2. Let o be s(5). Suppose o = 3*y - 80. Calculate the remainder when y is divided by 14.
13
Let g(t) = -t**2 - 6*t - 3. Calculate the remainder when 22 is divided by g(-3).
4
Let x(b) be the second derivative of b**4/12 - b**3/2 - 4*b**2 + b. Calculate the remainder when x(6) is divided by 3.
1
Let w be (4/2)/(6/9). Let j = 9 + w. What is the remainder when 23 is divided by j?
11
Let x(k) = -8*k - 5. What is the remainder when x(-5) is divided by 12?
11
Suppose 3*n - 47 = 28. What is the remainder when n is divided by (-7)/(-5 - (4 + -8))?
4
What is the remainder when (-1)/1*(7 - 22) is divided by 10?
5
Let g(c) be the first derivative of c**2/2 + 2*c + 1. Let p be g(6). Let x = p - -3. Calculate the remainder when 21 is divided by x.
10
Let j be 12/8*(-32)/(-6). Suppose w + 2 = j. What is the remainder when 16 is divided by w?
4
Calculate the remainder when 352/7 + (-6)/21 is divided by 20.
10
Let o(b) = -b + 4. Let k be o(7). Calculate the remainder when 84/9 - (-2)/(-6) is divided by k*2/(-6)*3.
0
Suppose 3*x + 54 = -i, 3*x = i + 2*i - 42. Let d = x + 33. Calculate the remainder when d is divided by 6.
4
Let w be ((-104)/(-12))/((-3)/(-45)). Suppose -6*i + 14 = -w. What is the remainder when 95 is divided by i?
23
Suppose c = -3*p + 6*p - 7, -5*c = p + 19. Suppose -3*d + 5*u + 5 - 20 = 0, 4*d = 3*u - 9. Suppose d*g + 6 = 3*g. What is the remainder when g is divided by p?
0
Suppose -s + 24 + 15 = 0. What is the remainder when s is divided by 21?
18
Let j = -16 - -25. What is the remainder when j is divided by 4?
1
Let w(v) = -3*v. What is the remainder when 46 is divided by w(-2)?
4
Suppose 24 = -5*b - u, 3*b + 5*u + 40 = -2*b. Calculate the remainder when 39 is divided by (b/(-12))/((-1)/(-42)).
11
Let j(p) = -5*p - 6. Let g(d) = -2*d**2 - 11*d - 7. Let v be g(-5). What is the remainder when 9 is divided by j(v)?
1
Let w(r) = r**3 + 4*r**2 + r. Let t(q) be the third derivative of -q**4/8 + q**3/6 - q**2. Calculate the remainder when t(-5)